{"id":7793,"date":"2025-06-25T14:03:18","date_gmt":"2025-06-25T11:03:18","guid":{"rendered":"https:\/\/www.klccenter.com.tr\/online\/?post_type=product&#038;p=7793"},"modified":"2026-01-11T14:29:14","modified_gmt":"2026-01-11T11:29:14","slug":"yos-hazirlik-grup-egitim","status":"publish","type":"product","link":"https:\/\/www.klccenter.com.tr\/online\/product\/yos-hazirlik-grup-egitim\/","title":{"rendered":"Y\u00d6S Haz\u0131rl\u0131k &#8211; Grup E\u011fitim"},"content":{"rendered":"<p data-start=\"174\" data-end=\"265\"><strong data-start=\"174\" data-end=\"265\">T\u00fcrkiye\u2019de \u00fcniversite e\u011fitimi hedefleyen yabanc\u0131 \u00f6\u011frenciler i\u00e7in eksiksiz bir haz\u0131rl\u0131k!<\/strong><\/p>\n<p data-start=\"267\" data-end=\"530\"><strong data-start=\"267\" data-end=\"307\">Yabanc\u0131 Uyruklu \u00d6\u011frenci S\u0131nav\u0131 (Y\u00d6S)<\/strong>, T\u00fcrkiye\u2019de \u00fcniversite e\u011fitimi almak isteyen \u00f6\u011frenciler i\u00e7in b\u00fcy\u00fck bir ad\u0131md\u0131r. KLC Education Center olarak haz\u0131rlad\u0131\u011f\u0131m\u0131z <strong data-start=\"431\" data-end=\"467\">40 derslik Y\u00d6S Haz\u0131rl\u0131k Program\u0131<\/strong>, bu s\u0131nava en etkili ve verimli \u015fekilde haz\u0131rlanman\u0131z\u0131 sa\u011flar.<\/p>\n<p data-start=\"532\" data-end=\"896\">\ud83d\udcd8 <strong data-start=\"535\" data-end=\"553\">Paket \u0130\u00e7eri\u011fi:<\/strong><br data-start=\"553\" data-end=\"556\" \/>\u2714\ufe0f Matematik, geometri ve mant\u0131k konular\u0131nda kapsaml\u0131 konu anlat\u0131m\u0131<br data-start=\"623\" data-end=\"626\" \/>\u2714\ufe0f Soru \u00e7\u00f6z\u00fcm teknikleri ve pratik uygulamalar<br data-start=\"672\" data-end=\"675\" \/>\u2714\ufe0f T\u00fcrk\u00e7e dil bilgisi \u2013 s\u0131navlara y\u00f6nelik temel ileti\u015fim deste\u011fi<br data-start=\"739\" data-end=\"742\" \/>\u2714\ufe0f \u00c7\u0131km\u0131\u015f sorular \u00fczerinden analiz ve deneme s\u0131navlar\u0131<br data-start=\"796\" data-end=\"799\" \/>\u2714\ufe0f Zaman y\u00f6netimi ve s\u0131nav stratejileri<br data-start=\"838\" data-end=\"841\" \/>\u2714\ufe0f Alan\u0131nda uzman e\u011fitmenlerle bire bir takip ve destek<\/p>\n<p data-start=\"898\" data-end=\"1140\">Bu program sayesinde:<br data-start=\"919\" data-end=\"922\" \/>\ud83d\udd39 T\u00fcrkiye\u2019deki \u00fcniversite s\u0131nav sistemine tam uyum sa\u011flars\u0131n\u0131z,<br data-start=\"986\" data-end=\"989\" \/>\ud83d\udd39 Zorlay\u0131c\u0131 soru tiplerini kolayca \u00e7\u00f6zmeyi \u00f6\u011frenirsiniz,<br data-start=\"1046\" data-end=\"1049\" \/>\ud83d\udd39 Y\u00d6S\u2019te y\u00fcksek ba\u015far\u0131 elde ederek hayalinizdeki \u00fcniversiteye bir ad\u0131m daha yakla\u015f\u0131rs\u0131n\u0131z.<\/p>\n<p data-start=\"1142\" data-end=\"1247\">\ud83c\udf0d T\u00fcrkiye\u2019de e\u011fitim hedefliyorsan,<br data-start=\"1177\" data-end=\"1180\" \/><strong data-start=\"1180\" data-end=\"1224\">KLC Education Center Y\u00d6S Haz\u0131rl\u0131k Paketi<\/strong> senin i\u00e7in haz\u0131rland\u0131!<\/p>\n","protected":false},"excerpt":{"rendered":"<p data-start=\"174\" data-end=\"265\"><strong data-start=\"174\" data-end=\"265\">T\u00fcrkiye\u2019de \u00fcniversite e\u011fitimi hedefleyen yabanc\u0131 \u00f6\u011frenciler i\u00e7in eksiksiz bir haz\u0131rl\u0131k!<\/strong><\/p>\n<p data-start=\"267\" data-end=\"530\"><strong data-start=\"267\" data-end=\"307\">Yabanc\u0131 Uyruklu \u00d6\u011frenci S\u0131nav\u0131 (Y\u00d6S)<\/strong>, T\u00fcrkiye\u2019de \u00fcniversite e\u011fitimi almak isteyen \u00f6\u011frenciler i\u00e7in b\u00fcy\u00fck bir ad\u0131md\u0131r. KLC Education Center olarak haz\u0131rlad\u0131\u011f\u0131m\u0131z <strong data-start=\"431\" data-end=\"467\">40 derslik Y\u00d6S Haz\u0131rl\u0131k Program\u0131<\/strong>, bu s\u0131nava en etkili ve verimli \u015fekilde haz\u0131rlanman\u0131z\u0131 sa\u011flar.<\/p>\n","protected":false},"featured_media":8197,"comment_status":"open","ping_status":"closed","template":"","meta":[],"product_brand":[],"product_cat":[97],"product_tag":[],"class_list":{"0":"post-7793","1":"product","2":"type-product","3":"status-publish","4":"has-post-thumbnail","6":"product_cat-sinav-hazirlik-egitimleri","8":"first","9":"instock","10":"shipping-taxable","11":"purchasable","12":"product-type-simple"},"_links":{"self":[{"href":"https:\/\/www.klccenter.com.tr\/online\/wp-json\/wp\/v2\/product\/7793","targetHints":{"allow":["GET"]}}],"collection":[{"href":"https:\/\/www.klccenter.com.tr\/online\/wp-json\/wp\/v2\/product"}],"about":[{"href":"https:\/\/www.klccenter.com.tr\/online\/wp-json\/wp\/v2\/types\/product"}],"replies":[{"embeddable":true,"href":"https:\/\/www.klccenter.com.tr\/online\/wp-json\/wp\/v2\/comments?post=7793"}],"wp:featuredmedia":[{"embeddable":true,"href":"https:\/\/www.klccenter.com.tr\/online\/wp-json\/wp\/v2\/media\/8197"}],"wp:attachment":[{"href":"https:\/\/www.klccenter.com.tr\/online\/wp-json\/wp\/v2\/media?parent=7793"}],"wp:term":[{"taxonomy":"product_brand","embeddable":true,"href":"https:\/\/www.klccenter.com.tr\/online\/wp-json\/wp\/v2\/product_brand?post=7793"},{"taxonomy":"product_cat","embeddable":true,"href":"https:\/\/www.klccenter.com.tr\/online\/wp-json\/wp\/v2\/product_cat?post=7793"},{"taxonomy":"product_tag","embeddable":true,"href":"https:\/\/www.klccenter.com.tr\/online\/wp-json\/wp\/v2\/product_tag?post=7793"}],"curies":[{"name":"wp","href":"https:\/\/api.w.org\/{rel}","templated":true}]}}